le of 53?
True
Is 10 a factor of 347210?
True
Is 1078776 a multiple of 18?
True
Is 3228632 a multiple of 36?
False
Is 4004228 a multiple of 108?
False
Does 59 divide 22715?
True
Is 12578538 a multiple of 237?
True
Is 19 a factor of 410986?
False
Does 255 divide 169292?
False
Is 368433 a multiple of 47?
True
Is 6 a factor of 881026?
False
Does 4 divide 25688?
True
Is 1416275 a multiple of 3?
False
Is 434214 a multiple of 774?
True
Is 250 a factor of 620380?
False
Is 16 a factor of 558809?
False
Is 12 a factor of 14244?
True
Does 37 divide 459524?
False
Does 212 divide 187832?
True
Is 1133 a factor of 2605688?
False
Is 76 a factor of 13067665?
False
Does 7 divide 6985496?
True
Is 92439 a multiple of 40?
False
Is 599204 a multiple of 59?
True
Is 1606055 a multiple of 589?
False
Is 154 a factor of 336182?
True
Is 1301303 a multiple of 81?
False
Is 164 a factor of 229436?
True
Does 426 divide 42174?
True
Is 12 a factor of 9296239?
False
Does 68 divide 4628089?
False
Is 37936 a multiple of 8?
True
Does 31 divide 346459?
False
Is 21958511 a multiple of 1292?
False
Is 181505 a multiple of 7?
False
Does 4 divide 23544?
True
Is 68 a factor of 6984416?
True
Does 187 divide 967725?
True
Is 66 a factor of 1925711?
False
Is 7108486 a multiple of 217?
True
Is 2329632 a multiple of 24?
True
Does 160 divide 19135520?
True
Is 15 a factor of 7367370?
True
Is 11 a factor of 28479?
True
Does 69 divide 198484?
False
Does 45 divide 158020?
False
Is 329 a factor of 2243780?
True
Does 529 divide 871792?
True
Does 34 divide 755956?
True
Is 1094704 a multiple of 14?
False
Is 21 a factor of 3725694?
True
Is 120 a factor of 6638653?
False
Is 607 a factor of 4992575?
True
Does 16 divide 19407?
False
Is 2301285 a multiple of 147?
True
Is 7 a factor of 3263386?
True
Does 56 divide 182280?
True
Is 38694 even?
True
Is 9669815 a multiple of 112?
False
Does 89 divide 418389?
True
Is 275 a factor of 204875?
True
Is 3 a factor of 119847?
True
Is 564288 a multiple of 71?
False
Is 43648 a multiple of 28?
False
Does 118 divide 2612284?
True
Is 9898 a multiple of 49?
True
Does 11 divide 2473977?
True
Does 10 divide 556675?
False
Is 1083174 a multiple of 6?
True
Does 12 divide 12456?
True
Is 43 a factor of 88880?
False
Is 244 a factor of 789340?
True
Does 3 divide 404424?
True
Is 862 a factor of 1798132?
True
Is 7 a factor of 153994?
False
Is 274 a factor of 4341469?
False
Does 12 divide 613938?
False
Does 10 divide 9691991?
False
Is 163 a factor of 1594547?
False
Is 250 a factor of 1846333?
False
Is 1093 a factor of 63299?
False
Is 11267042 a multiple of 1095?
False
Does 16 divide 45926?
False
Does 225 divide 8477883?
False
Is 15 a factor of 5320999?
False
Is 1869605 a multiple of 5?
True
Does 34 divide 533238?
False
Is 2135321 a multiple of 24?
False
Is 46704 a multiple of 84?
True
Is 17 a factor of 1165486?
True
Is 589783 a multiple of 110?
False
Is 102340 a multiple of 34?
True
Does 134 divide 154794?
False
Is 848 a factor of 4893498?
False
Is 17953 a multiple of 16?
False
Is 5 a factor of 732757?
False
Is 11 a factor of 1085975?
True
Is 40 a factor of 622400?
True
Does 149 divide 1877549?
True
Does 265 divide 1593975?
True
Does 583 divide 717012?
False
Does 26 divide 152387?
False
Is 8441382 a multiple of 7?
False
Is 3013650 a multiple of 18?
True
Is 158802 a multiple of 59?
False
Is 2 a factor of 4991?
False
Is 15 a factor of 317275?
False
Is 3 a factor of 154383?
True
Is 19949396 a multiple of 82?
False
Does 5 divide 224905?
True
Is 1698736 a multiple of 167?
False
Does 38 divide 104196?
True
Does 888 divide 1750248?
True
Does 149 divide 405560?
False
Is 36 a factor of 608854?
False
Does 14 divide 3612588?
True
Is 2666463 a multiple of 102?
False
Is 577 a multiple of 22?
False
Does 310 divide 129890?
True
Does 297 divide 459459?
True
Does 57 divide 87002?
False
Does 105 divide 6498135?
True
Is 380 a factor of 446387?
False
Does 6 divide 149274?
True
Does 77 divide 12957714?
True
Is 5329440 a multiple of 24?
True
Does 105 divide 7027440?
True
Is 13 a factor of 2580981?
True
Is 155 a factor of 153204?
False
Is 144 a factor of 1118736?
True
Does 75 divide 12684300?
True
Is 128 a factor of 317783?
False
Is 378 a factor of 4739742?
True
Is 712 a factor of 1372742?
False
Does 23 divide 308213?
False
Is 136 a factor of 436424?
True
Does 1085 divide 748900?
False
Is 275 a factor of 2330900?
True
Is 6333496 a multiple of 13?
True
Is 540598 a multiple of 16?
False
Is 2104795 a multiple of 218?
False
Does 9 divide 172034?
False
Is 43 a factor of 1506903?
False
Does 198 divide 244536?
False
Does 87 divide 5469690?
True
Is 3012037 a multiple of 121?
False
Is 15005429 a multiple of 15?
False
Does 19 divide 107008?
True
Does 7 divide 742364?
True
Does 129 divide 78045?
True
Is 381 a factor of 2558603?
False
Is 42 a factor of 8735929?
False
Does 228 divide 145692?
True
Does 105 divide 3233221?
False
Is 154242 a multiple of 12?
False
Does 5 divide 422120?
True
Is 15 a factor of 87585?
True
Is 9050 a multiple of 50?
True
Is 4 a factor of 338330?
False
Does 236 divide 333809?
False
Does 24 divide 37416?
True
Is 2580 a factor of 8271480?
True
Is 7649411 a multiple of 1568?
False
Is 9 a factor of 581594?
False
Is 2783340 a multiple of 235?
True
Is 723870 a multiple of 18?
True
Is 862115 a multiple of 449?
False
Does 250 divide 53000?
True
Is 31 a factor of 299615?
True
Does 13 divide 2730?
True
Does 153 divide 1896310?
False
Does 8 divide 202240?
True
Is 687352 a multiple of 8?
True
Does 33 divide 41745?
True
Does 1797 divide 6560073?
False
Does 19 divide 748296?
True
Is 19 a factor of 564916?
False
Is 199716 a multiple of 107?
False
Is 12 a factor of 18880802?
False
Is 1157498 a multiple of 43?
False
Is 233822 a multiple of 51?
False
Is 16 a factor of 2453879?
False
Does 155 divide 151458?
False
Is 41 a factor of 2714366?
False
Is 69 a factor of 200933?
False
Is 729455 a multiple of 166?
False
Does 994 divide 12076254?
False
Does 13 divide 856199?
False
Is 4 a factor of 8048?
True
Is 255852 a multiple of 207?
True
Is 7 a factor of 268429?
True
Is 673 a factor of 358709?
True
Is 405640 a multiple of 48?
False
Is 23 a factor of 294217?
False
Is 78 a factor of 857142?
True
Is 19 a factor of 332819?
False
Is 97 a factor of 322719?
True
Is 17 a factor of 3330759?
True
Is 357 a factor of 164220?
True
Is 281044 a multiple of 17?
True
Is 4071708 a multiple of 354?
True
Is 82859 a multiple of 296?
False
Does 151 divide 466741?
True
Does 479 divide 511093?
True
Is 10 a factor of 277490?
True
Does 17 divide 2115009?
False
Does 30 divide 3104040?
True
Does 459 divide 1565636?
False
Is 50 a factor of 3692550?
True
Is 5 a factor of 276403?
False
Does 322 divide 523250?
True
Does 73 divide 570787?
True
Is 68 a factor of 4016132?
False
Is 407990 a multiple of 270?
False
Is 844 a factor of 2598119?
False
Is 28 a factor of 294119?
False
Is 61920 a multiple of 20?
True
Is 9 a factor of 2211849?
True
Does 13 divide 275071?
False
Is 1371036 a multiple of 16?
False
Is 64584 a multiple of 138?
True
Is 1610 a factor of 4078192?
False
Is 454 a factor of 3099441?
False
Is 79506 a multiple of 42?
True
Does 5 divide 16042?
False
Is 456 a factor of 6391821?
False
Is 36 a factor of 347536?
False
Is 25 a factor of 1104500?
True
Is 27201 a multiple of 23?
False
Is 24 a factor of 3934200?
True
Is 660 a factor of 1066493?
False
Is 53 a factor of 266005?
False
Is 179761 a multiple of 51?
False
Is 495746 a multiple of 13?
False
Is 11 a factor of 1659933?
True
Is 250842 a multiple of 102?
False
Is 129 a factor of 3186741?
False
Is 5 a factor of 5201810?
True
Does 7 divide 230055?
True
Is 1630 a factor of 4416830?
False
Does 70 divide 77420?
True
Is 124 a factor of 109489?
False
Is 257484 a multiple of 499?
True
Is 8176 a multiple of 4?
True
Is 8 a factor of 4131635?
False
Is 59 a factor of 216471?
True
Is 3 a factor of 1468056?
True
Is 129572 a multiple of 102?
False
Is 15 a factor of 1211865?
True
Is 11283030 a multiple of 783?
True
Does 2 divide 60415?
False
Is 180 a factor of 430780?
False
Is 253416 a multiple of 8?
True
Is 28 a factor of 1125656?
True
Does 40 divide 15867830?
False
Is 8 a factor of 5872?
True
Is 12126 a multiple of 5?
False
Is 568 a factor of 12496?
True
Does 555 divide 724105?
False
Is 622 a factor of 281431